 the greatest common divisor of 390 and 208?
26
What is the greatest common divisor of 221 and 3536?
221
Calculate the highest common factor of 28 and 896.
28
Calculate the greatest common divisor of 119 and 413.
7
What is the greatest common factor of 644 and 1204?
28
What is the greatest common divisor of 527 and 31?
31
Calculate the greatest common divisor of 14 and 3122.
14
Calculate the highest common divisor of 33 and 341.
11
What is the greatest common divisor of 7140 and 28?
28
What is the greatest common divisor of 266 and 38?
38
Calculate the highest common factor of 7 and 12.
1
Calculate the highest common factor of 7 and 161.
7
Calculate the greatest common factor of 1467 and 18.
9
What is the greatest common divisor of 23 and 23?
23
Calculate the greatest common divisor of 57 and 114.
57
Calculate the highest common divisor of 1782 and 22.
22
What is the greatest common factor of 106 and 1?
1
Calculate the highest common divisor of 1596 and 252.
84
Calculate the highest common factor of 5567 and 2344.
293
Calculate the greatest common divisor of 4431 and 21.
21
Calculate the greatest common divisor of 384 and 24.
24
What is the greatest common divisor of 168 and 31024?
56
Calculate the greatest common factor of 275 and 2925.
25
Calculate the highest common factor of 505 and 707.
101
What is the greatest common factor of 65 and 15?
5
Calculate the highest common factor of 13927 and 57.
19
Calculate the greatest common factor of 149 and 1.
1
What is the greatest common factor of 128 and 20288?
64
Calculate the greatest common divisor of 84 and 196.
28
Calculate the greatest common factor of 99 and 9.
9
Calculate the highest common factor of 870 and 240.
30
What is the highest common divisor of 325 and 234?
13
What is the highest common divisor of 512 and 112?
16
Calculate the highest common divisor of 1296 and 512.
16
Calculate the highest common factor of 20 and 2260.
20
Calculate the greatest common divisor of 32 and 800.
32
Calculate the highest common factor of 108 and 7164.
36
What is the highest common divisor of 64 and 212?
4
What is the greatest common divisor of 10 and 2965?
5
What is the greatest common divisor of 36 and 28?
4
Calculate the highest common divisor of 62 and 310.
62
Calculate the highest common divisor of 21 and 14.
7
What is the greatest common factor of 8832 and 36?
12
Calculate the highest common divisor of 19 and 2375.
19
Calculate the greatest common divisor of 16 and 23216.
16
What is the greatest common divisor of 89 and 17177?
89
Calculate the highest common divisor of 304 and 2896.
16
Calculate the highest common factor of 200 and 19100.
100
Calculate the highest common divisor of 540 and 216.
108
Calculate the greatest common divisor of 7 and 350.
7
Calculate the greatest common divisor of 5252 and 52.
52
Calculate the greatest common divisor of 16 and 7256.
8
What is the highest common factor of 90 and 54?
18
Calculate the highest common divisor of 28 and 98.
14
What is the highest common factor of 279 and 144?
9
Calculate the greatest common factor of 24 and 24.
24
What is the highest common factor of 3692 and 213?
71
Calculate the highest common factor of 33 and 66.
33
Calculate the highest common divisor of 3 and 149.
1
What is the greatest common factor of 117 and 2529?
9
Calculate the greatest common factor of 147 and 3.
3
Calculate the highest common divisor of 19 and 1121.
19
Calculate the greatest common factor of 146 and 511.
73
What is the greatest common factor of 131 and 393?
131
What is the highest common divisor of 67 and 7303?
67
Calculate the greatest common factor of 54 and 414.
18
What is the greatest common divisor of 646 and 57?
19
What is the highest common factor of 304 and 144?
16
What is the greatest common factor of 197 and 44719?
197
What is the highest common factor of 8118 and 44?
22
What is the greatest common factor of 1856 and 2088?
232
What is the greatest common factor of 8633 and 97?
97
What is the highest common divisor of 86 and 1677?
43
What is the highest common factor of 3325 and 875?
175
Calculate the greatest common divisor of 23 and 1541.
23
What is the greatest common factor of 8 and 4?
4
What is the highest common divisor of 1212 and 348?
12
What is the highest common factor of 25 and 1475?
25
Calculate the highest common factor of 3476 and 319.
11
What is the greatest common factor of 539 and 392?
49
What is the greatest common factor of 14 and 553?
7
Calculate the greatest common divisor of 2 and 3290.
2
What is the greatest common divisor of 42 and 56?
14
Calculate the greatest common factor of 130 and 520.
130
What is the highest common factor of 6 and 106?
2
What is the highest common factor of 8 and 632?
8
What is the greatest common factor of 55 and 209?
11
Calculate the highest common factor of 119 and 187.
17
What is the greatest common factor of 32 and 408?
8
What is the greatest common divisor of 3358 and 69?
23
Calculate the highest common divisor of 980 and 84.
28
Calculate the highest common divisor of 782 and 6647.
391
Calculate the greatest common divisor of 97 and 2.
1
Calculate the highest common divisor of 96 and 18888.
24
Calculate the greatest common divisor of 38 and 76.
38
Calculate the highest common factor of 340 and 238.
34
Calculate the highest common factor of 215 and 301.
43
What is the greatest common factor of 3744 and 480?
96
What is the greatest common divisor of 380 and 3648?
76
What is the greatest common divisor of 1475 and 45?
5
Calculate the greatest common divisor of 184 and 176.
8
Calculate the highest common divisor of 2025 and 108.
27
Calculate the greatest common divisor of 1 and 631.
1
What is the greatest common factor of 167 and 14195?
167
Calculate the greatest common divisor of 374 and 473.
11
Calculate the highest common divisor of 3 and 93.
3
Calculate the greatest common divisor of 310 and 868.
62
What is the highest common divisor of 54 and 270?
54
Calculate the highest common factor of 2807 and 6817.
401
Calculate the greatest common factor of 5 and 25.
5
Calculate the greatest common divisor of 465 and 75.
15
Calculate the greatest common factor of 322 and 42.
14
What is the highest common divisor of 131 and 1?
1
What is the greatest common factor of 1540 and 165?
55
What is the highest common divisor of 177 and 17700?
177
Calculate the greatest common factor of 68 and 52.
4
What is the greatest common divisor of 494 and 152?
38
What is the highest common factor of 1593 and 108?
27
Calculate the highest common divisor of 1765 and 10.
5
What is the highest common divisor of 66723 and 69?
69
What is the greatest common factor of 10070 and 190?
190
What is the highest common divisor of 88 and 8?
8
Calculate the greatest common divisor of 876 and 24.
12
What is the highest common factor of 35 and 119?
7
What is the greatest common factor of 16 and 5?
1
What is the highest common factor of 34136 and 136?
136
What is the highest common divisor of 45 and 31545?
45
What is the greatest common factor of 60 and 113520?
60
Calculate the greatest common factor of 882 and 162.
18
What is the highest common factor of 20989 and 278?
139
Calculate the greatest common divisor of 13 and 3601.
13
Calculate the greatest common factor of 66 and 12.
6
What is the greatest common divisor of 6298 and 94?
94
Calculate the highest common factor of 17869 and 107.
107
Calculate the greatest common divisor of 28 and 11164.
4
Calculate the highest common factor of 329 and 47.
47
Calculate the greatest common factor of 49 and 14014.
49
Calculate the highest common factor of 3781 and 38.
19
What is the highest common factor of 69 and 48?
3
Calculate the greatest common divisor of 1560 and 80.
40
What is the highest common factor of 36 and 29052?
36
Calculate the highest common divisor of 33 and 99.
33
What is the highest common factor of 40 and 120?
40
What is the greatest common factor of 966 and 42?
42
Calculate the greatest common divisor of 555 and 629.
37
Calculate the greatest common factor of 1280 and 2960.
80
What is the greatest common factor of 299 and 39?
13
What is the greatest common divisor of 140 and 504?
28
Calculate the highest common divisor of 1280 and 80.
80
What is the greatest common factor of 24 and 312?
